-a**2 + 9*a. Give p(m).
0
Let x(m) be the first derivative of 29*m**3/3 - 102*m**2 + m + 4155. Determine x(7).
-6
Let g(m) = 9*m + m**3 - 3*m + 39 + 5*m**2 - 31 - 5*m + 7*m. What is g(-3)?
2
Let c(s) = -8*s**2 + 98*s - 6. Let p = 9361 - 9349. What is c(p)?
18
Let l(v) be the second derivative of v**5/20 + 3*v**4/4 + v**3 - 8*v**2 - 54*v + 3. Let s be l(-8). Let d(f) = f**2 + 20. Calculate d(s).
20
Let h(n) be the second derivative of -1/6*n**3 + 0*n**2 + 30*n + 0. Give h(-1).
1
Let a(j) = 2*j**2 + 37*j - 53. Let p(q) = -48*q - 1412. Let b be p(-29). Calculate a(b).
7
Let z(h) = h**3 + 24*h**2 - 2*h - 43. Let n be z(-24). Let y(o) = -6*o + 72 + n*o - 79. Suppose 2*l = -3*g - 14, -5*g - 4*l + 3 = 27. What is y(g)?
-3
Suppose -265 = 30*t - 83*t. Let m(n) = n**2 - 3*n - 7. What is m(t)?
3
Let k(z) = -3*z + 14. Let c be 382 + -2 - (-1 - 0). Let o = c + -375. Calculate k(o).
-4
Suppose -m - 50 = -12*q + 11*q, -5*q = -2*m - 235. Let j(g) = -10*g + 451. Let i be j(q). Let d(n) = 2*n**2 - 2*n + 1. Determine d(i).
1
Let v be (-4002)/(-36) - 2/12. Suppose -4*l = 3*c - 6, -3*l + 6*c = 2*c - 17. Let z(o) = 126*o**l - v*o**3 + 2*o**2 - o + 0*o. Calculate z(1).
16
Let j(m) = -5*m - 89. Let z be j(-21). Suppose 2*y = b + 2, 2*y + 2*y = -3*b - z. Let r(a) = -18*a + 1. Give r(y).
19
Suppose -5*t + 4*n + 127 = 0, -18*t - 118 = -23*t + n. Let m(r) = r - 32. Give m(t).
-9
Let a(j) be the third derivative of j**5/20 - j**4/6 - j**3/2 - 1336*j**2. Calculate a(-6).
129
Let i(h) = -h**2 + 22*h - 76. Suppose 90*g - 951 = 669. What is i(g)?
-4
Let s(i) = i**2 + 5*i + 9. Let y be s(8). Let a = -106 + y. Let q(f) = 4*f - 1 + a - 8 + 6. Determine q(-4).
-12
Let x(o) be the first derivative of o**4/4 - 19*o**3/3 + 3*o - 17. Let w be (8 - 30/18)/((-2)/(-6)). Let a be x(w). Let j(t) = -3*t + 4. Calculate j(a).
-5
Let c = 186 - 326. Let v = 151 + c. Let j(m) = m**2 - 13*m + 15. Give j(v).
-7
Let o(x) be the first derivative of 2*x**3/3 + 16*x**2 - 10*x - 3456. What is o(-17)?
24
Let o(w) = -14*w + 3. Suppose -16 = 32*r - 144. Determine o(r).
-53
Let o(q) be the third derivative of -q**4/24 - 2*q**3 - 13*q**2 + 13. Suppose 4*r = z + 32, 0 = -4*r - 0*z - 3*z + 32. Suppose 2*l - r = 3*l. What is o(l)?
-4
Suppose -p = -5*y + 31, 4*y = 2*p + 8 + 42. Let a be (4*-1)/(42/p). Let l(q) = 1 + 1 + a*q - 3*q. Calculate l(5).
-3
Let l(a) = -4*a**2 + 142*a - 711. Let x be l(6). Let o(h) = -25*h - 39. Calculate o(x).
36
Let x(h) be the first derivative of -1/180*h**6 - 1/6*h**4 + 0*h**2 + 0*h + 18 - 7/120*h**5 - 9*h**3. Let a(z) be the third derivative of x(z). Determine a(-4).
-8
Let s(r) = r**3 - r**2 + 5*r - 2. Let j(t) = -6*t**3 - 6*t**2 - 33*t + 43. Let n(p) = -j(p) - 5*s(p). Calculate n(-10).
-13
Let w(b) = -b**3 - b**2 - b - 4. Let h(i) = -i - 24. Let m(k) = 1. Let j(g) = h(g) - 5*m(g). Let s be j(-26). Give w(s).
17
Let h(v) = 2*v**3 + 3*v**2 + v - 2. Suppose -49 = -16*q + 17*q - 5*j, 2*q + 5*j + 113 = 0. Let c = 52 + q. Give h(c).
-8
Let y = -6020 - -72245/12. Let b(o) be the second derivative of -y*o**4 - 5/6*o**3 + 0 - 1/20*o**5 + 0*o**2 - 11*o. Determine b(-4).
4
Let d(a) = a**3 - 9*a**2 - 19*a - 25. Let k be d(11). Let w(p) be the first derivative of p**3/3 - 4*p**2 - 7*p - 11. What is w(k)?
-7
Let o(r) be the second derivative of -r**3/3 - 21*r**2/2 - 750*r + 2. Give o(-5).
-11
Let j(o) = o**2 - 6*o + 3. Let i be j(6). Suppose -387*s + 441 = -720. Let d(w) = 3*w + 0*w**s - w**3 + 5*w**i - 5*w**3 - 2 - 3*w**2. Determine d(-4).
2
Suppose -y - 2 = -6. Suppose y*m = 0, -2*n + 2*m + 6 = -3*m. Let x(b) = n*b + 6 - 11 + 15. What is x(-7)?
-11
Let r(y) = -y**2 + 8*y + 12. Let s(j) = -j**2 + 46 - 33*j + 22*j + 3*j + 3*j. Let i be s(-9). Calculate r(i).
-8
Let h(m) be the third derivative of -3*m**5/40 - 39*m**3/2 + m**2 - 91*m. Let c(l) be the first derivative of h(l). Let b be 0 + -2 + 0/2. What is c(b)?
18
Let t(f) = -f**3 + 11*f**2 - 15*f + 61. Let s(y) = 296*y - 18638. Let u be s(63). Determine t(u).
11
Let a(r) = 6*r**3 - 50*r**2 + 3*r - 21. Let s(f) = -f**3 + 8*f**2 + f + 2. Let k(u) = a(u) + 7*s(u). Let i(m) = m**2 - 5*m + 1. Let o be i(6). What is k(o)?
14
Let i(o) = -13*o**2 + o - 1. Let m(k) = k**3 - 21*k**2 + 69*k - 12. Let c be m(17). Suppose -1 + 5 = c*g - v, 2 = 2*v. What is i(g)?
-13
Let g(k) = 8 + 10 + 4321*k - 4317*k - 2. Determine g(8).
48
Let r = 5008 + -4995. Let l(g) = 3*g - 71. Calculate l(r).
-32
Let y(i) be the second derivative of -i**3/6 - 7*i**2 + i. Suppose -604*c + 1546 - 9398 = 0. Give y(c).
-1
Let d(z) be the first derivative of -64 - 1/3*z**3 + 6*z - 3/2*z**2. Calculate d(-4).
2
Let i be 53320/8815 + 4/(-82). Let p(t) = t**2 - 7*t - 3. What is p(i)?
-9
Let u(i) = 3*i**2 + i + 1. Let j(k) = k**2 - k. Let m(s) = -4*j(s) + u(s). Let w = 613 - 595. Let a be -11 + (3 - -6) + w/2. Determine m(a).
-13
Let n(q) = q**3 - 10*q**2 + 2*q + 5. Suppose -9*p + 538 = -137. Let s be 58/6 + 25/p. Determine n(s).
25
Suppose 6 = -6*z + z + 3*v, -z + v - 2 = 0. Suppose -2*d = -j - z*j + 4, 5*d = 4*j - 10. Let s(k) = -k - 4*k**2 + j*k - 2 + 3*k + 6*k**2. Determine s(-4).
22
Let k(u) be the third derivative of -u**6/120 + 17*u**5/60 + 3*u**4/4 + u**3 - 116*u**2. Let n be k(18). Let b(v) = -4*v + 14. Give b(n).
-10
Let n be ((-90)/4)/((-30)/40). Let q be (-25)/n - 3/18. Let w(d) = 4*d + 2. Determine w(q).
-2
Suppose 5*s + 4*z - 4 = 0, -17*z + 13 = -4*s - 22*z. Let a(h) = -4*h + h**2 + 12 - 6*h + 0*h**2. What is a(s)?
-4
Let m(q) = -2*q**2 - 12*q + q**2 - 5*q**2 + 5*q**2 - 20. Let a be m(-10). Let h(d) = 6*d - 8*d + 3*d + 2. Calculate h(a).
2
Let v(z) = -4*z**2 - 2. Let l(p) = -3*p**2 - p - 2. Suppose 3*r - 12*r = 45. Let g(n) = r*v(n) + 6*l(n). Determine g(5).
18
Let y(m) = -4*m**2 - 133*m + 731. Let j be y(-38). Let o(c) = 6*c - 51. What is o(j)?
3
Let o(i) = i**2 - 2*i - 24. Let r = -8049 - -8060. Calculate o(r).
75
Let s(a) = -2*a - 5. Let t be s(-4). Suppose 76 - 78 = -v. Let f(d) = -t*d - d - d + v*d. What is f(1)?
-3
Let z(i) = -4 + 0*i**3 - i**3 + 5. Let j be (12/(-30))/((-2)/(-10)). Calculate z(j).
9
Let p be 4 + -11 + 14*4/(-8). Let b = -7 + 16. Let q = p + b. Let s(u) = -u**2 - 4*u. Calculate s(q).
-5
Let x(n) = n**2 + 15*n - 253. Let m be x(10). Let a(s) = -6*s**2 - 4*s + 6. Let u(g) = 5*g**2 + 3*g - 5. Let f(y) = -4*a(y) - 5*u(y). What is f(m)?
-11
Let f(d) = -7*d**2 - 12*d + 1. Let l be ((-12)/5)/(182/(-60) + 3). Let z = 78 - l. Let s(n) = 15*n**2 + 25*n - 2. Let y(b) = z*s(b) + 13*f(b). Calculate y(-6).
1
Suppose -858*y = -859*y - 5. Let w(h) = 3*h**3 + 15*h**2 - 2*h + 25. Let z(m) = -2*m**3 - 10*m**2 + m - 16. Let j(g) = -5*w(g) - 8*z(g). Determine j(y).
-7
Let f(o) = 13*o**2 - 7*o - 10. Let t be (-37)/7 + ((-24)/(-28))/3. Let i(a) = 11*a**2 - 6*a - 11. Let v(q) = t*f(q) + 6*i(q). Calculate v(0).
-16
Let d(b) be the first derivative of b**3/6 - 4*b**2 - 66*b - 77. Let y(t) be the first derivative of d(t). What is y(8)?
0
Let g(n) be the first derivative of -n**6/360 - n**5/30 - n**4/6 - n**3/3 + 146*n + 324. Let m(i) be the third derivative of g(i). Give m(-5).
-9
Let d(i) be the third derivative of i**5/15 - 83*i**4/24 - 8*i**3/3 + 2*i**2 + 94*i. What is d(21)?
5
Let x = -3 - 0. Let c(u) be the third derivative of 0 - 1/24*u**4 - 26*u**2 + 0*u**3 + 0*u. Determine c(x).
3
Let s(z) = -4*z + 28. Suppose -24*n - 71 + 269 - 6 = 0. What is s(n)?
-4
Let z(p) = -23*p**3 + 2*p**2 - 4*p - 8. Let w(k) = 43*k**3 - 4*k**2 + 7*k + 15. Let b(y) = 4*w(y) + 7*z(y). Determine b(2).
84
Let d(o) = 2*o + 1. Let t(v) = -2*v**2 + v - 3. Let u be (2560/56)/10 - (-8)/(-14). Let j(b) = u*d(b) - t(b). Determine j(-5).
22
Suppose 26*o - 24*o = x - 483, x + 4*o - 477 = 0. Let n = -483 + x. Let d(r) = -8*r**3 - r**2 + 3*r + 2. Calculate d(n).
56
Let r(o) = -o - 4. Suppose 4*p - 13 = 55. Suppose -p*d = -7*d + 70. Calculate r(d).
3
Let p(h) = -h**2 + 25*h - 62. Let y be p(22). Suppose 15 = 3*m, -2*w + 3 = -m + y*m. Let j(k) = -k + 5. Calculate j(w).
11
Let h(z) = z**2 + 3*z + 1. Suppose -349 = -x + 132. Suppose 0 = -8*k + 2401 - x. Let v be (-2)/7 + k/(-42). Give h(v).
19
Suppose 9 = 4*d - x, 5*d - 15 = -x + 3. Let i(l) = -2 - l**3 - 2 + 7*l + d*l - 8*l**2 + 2*l**3. Let s = 15 - 8. Determine i(s).
17
Let i(x) = -x**2 + 1. Let s(a) = 3*a + 78. Let d be s(-25). Suppose -d*p - 3*p - 6 = 0. Ca